{"id":292,"date":"2024-09-24T10:07:27","date_gmt":"2024-09-24T08:07:27","guid":{"rendered":"http:\/\/brianberger.de\/?page_id=292"},"modified":"2022-04-26T12:05:35","modified_gmt":"2022-04-26T10:05:35","slug":"bergers-schlagerparty-1-0","status":"publish","type":"page","link":"https:\/\/brianberger.de\/?page_id=292","title":{"rendered":"Berger\u00b4s Schlagerparadies Party 2.0"},"content":{"rendered":"<h2 style=\"text-align: center;\">Berger\u00b4s Schlagerparadies Party 2.0<\/h2>\n\n<div class=\"o9v6fnle cxmmr5t8 oygrvhab hcukyx3x c1et5uql ii04i59q\">\n<div dir=\"auto\">Berger\u00b4s Schlagerparadies feiert seinen 2.ten Geburtstag. Dazu haben wir es zu unsere Aufgabe gemacht, einen Verein zu unterst\u00fctzen.<\/div>\n<div dir=\"auto\">\u201cDAS HOSPIZ IN ESSEN STEELE\u201d<\/div>\n<div dir=\"auto\">Welche K\u00fcnstler dieses unterst\u00fctzen in dieses Jahr steht noch nicht ganz fest, da ja noch sehr viel Zeit ist.<\/div>\n<div dir=\"auto\">Unsere Freunde, Fans und H\u00f6rer von Berger\u00b4s Schlagerparadies, werden einen tollen Abend erleben.<\/div>\n<div dir=\"auto\">Durch das Programm f\u00fchrt Brian Berger Moderator<\/div>\n<div dir=\"auto\">Die Berger\u00b4s Schlagerparadies Party 2.0 steigt am 11.06.2022 im B\u00fcrgertreff, Nockwinkel 64, 45277 Essen \u2013 \u00dcberruhr.<\/div>\n<\/div>\n<div class=\"o9v6fnle cxmmr5t8 oygrvhab hcukyx3x c1et5uql ii04i59q\">\n<div dir=\"auto\">F\u00fcr Getr\u00e4nke und f\u00fcr euer leibliches Wohl wird gesorgt sein.<\/div>\n<div dir=\"auto\">Wann es Karten gibt daf\u00fcr, wird noch fr\u00fch genug bekannt gegeben.<\/div>\n<\/div>\n","protected":false},"excerpt":{"rendered":"<p>Berger\u00b4s Schlagerparadies Party 2.0 Berger\u00b4s Schlagerparadies feiert seinen 2.ten Geburtstag. Dazu haben wir es zu unsere Aufgabe gemacht, einen Verein zu unterst\u00fctzen. \u201cDAS HOSPIZ IN ESSEN STEELE\u201d Welche K\u00fcnstler dieses unterst\u00fctzen in dieses Jahr steht noch nicht ganz fest, da ja noch sehr viel Zeit ist. Unsere Freunde, Fans und H\u00f6rer von Berger\u00b4s Schlagerparadies, werden einen tollen Abend erleben. Durch das Programm f\u00fchrt Brian Berger Moderator Die Berger\u00b4s Schlagerparadies Party 2.0 steigt am 11.06.2022 im B\u00fcrgertreff, Nockwinkel 64, 45277 Essen \u2013 \u00dcberruhr. F\u00fcr Getr\u00e4nke und f\u00fcr euer leibliches Wohl wird gesorgt sein. Wann es Karten gibt daf\u00fcr, wird noch fr\u00fch&#8230; <\/p>\n","protected":false},"author":1,"featured_media":0,"parent":0,"menu_order":0,"comment_status":"closed","ping_status":"closed","template":"template-full-width.php","meta":{"footnotes":""},"class_list":["post-292","page","type-page","status-publish","hentry"],"aioseo_notices":[],"_links":{"self":[{"href":"https:\/\/brianberger.de\/index.php?rest_route=\/wp\/v2\/pages\/292","targetHints":{"allow":["GET"]}}],"collection":[{"href":"https:\/\/brianberger.de\/index.php?rest_route=\/wp\/v2\/pages"}],"about":[{"href":"https:\/\/brianberger.de\/index.php?rest_route=\/wp\/v2\/types\/page"}],"author":[{"embeddable":true,"href":"https:\/\/brianberger.de\/index.php?rest_route=\/wp\/v2\/users\/1"}],"replies":[{"embeddable":true,"href":"https:\/\/brianberger.de\/index.php?rest_route=%2Fwp%2Fv2%2Fcomments&post=292"}],"version-history":[{"count":10,"href":"https:\/\/brianberger.de\/index.php?rest_route=\/wp\/v2\/pages\/292\/revisions"}],"predecessor-version":[{"id":367,"href":"https:\/\/brianberger.de\/index.php?rest_route=\/wp\/v2\/pages\/292\/revisions\/367"}],"wp:attachment":[{"href":"https:\/\/brianberger.de\/index.php?rest_route=%2Fwp%2Fv2%2Fmedia&parent=292"}],"curies":[{"name":"wp","href":"https:\/\/api.w.org\/{rel}","templated":true}]}}