{"id":392,"date":"2022-09-12T09:40:07","date_gmt":"2022-09-12T07:40:07","guid":{"rendered":"http:\/\/brianberger.de\/?page_id=392"},"modified":"2022-09-12T09:40:07","modified_gmt":"2022-09-12T07:40:07","slug":"brian-berger-1-voe","status":"publish","type":"page","link":"https:\/\/brianberger.de\/?page_id=392","title":{"rendered":"Brian Berger 1.V\u00d6"},"content":{"rendered":"<div class=\"kvgmc6g5 cxmmr5t8 oygrvhab hcukyx3x c1et5uql ii04i59q\">\n<div dir=\"auto\"><em><strong><img loading=\"lazy\" decoding=\"async\" class=\" wp-image-322 alignleft\" src=\"http:\/\/brianberger.de\/wp-content\/uploads\/2020\/10\/Brian-Berger-Und-jetzt-hoerst-Du-Radio.jpg\" alt=\"\" width=\"426\" height=\"426\" srcset=\"https:\/\/brianberger.de\/wp-content\/uploads\/2020\/10\/Brian-Berger-Und-jetzt-hoerst-Du-Radio.jpg 1205w, https:\/\/brianberger.de\/wp-content\/uploads\/2020\/10\/Brian-Berger-Und-jetzt-hoerst-Du-Radio-300x300.jpg 300w, https:\/\/brianberger.de\/wp-content\/uploads\/2020\/10\/Brian-Berger-Und-jetzt-hoerst-Du-Radio-1024x1024.jpg 1024w, https:\/\/brianberger.de\/wp-content\/uploads\/2020\/10\/Brian-Berger-Und-jetzt-hoerst-Du-Radio-150x150.jpg 150w, https:\/\/brianberger.de\/wp-content\/uploads\/2020\/10\/Brian-Berger-Und-jetzt-hoerst-Du-Radio-768x769.jpg 768w\" sizes=\"auto, (max-width: 426px) 100vw, 426px\" \/>Brian Berger<\/strong><\/em>, Radio Moderator, Entertainer &amp; Radio Inhaber<\/div>\n<div dir=\"auto\">Lange Jahre nach seinen ersten Liedern, die er der Welt schenkte, hie\u00df es f\u00fcr Brian Berger nun auf in ein neues Abenteuer. Eigener Song, passend auf seine Seele geschnitten. Denn Brian Berger ist Radio pur. Seine Sendungen sind menschennah und unterhaltsam. Vielleicht liegt es einfach daran, dass Brian Berger einfach und ehrlich ist. &#8222;Ich bin halt wie ich bin&#8220;, so sein Motto. &#8222;Die einen m\u00f6gen mich und das was ich tue, die anderen eben nicht&#8220;. Eine Einstellung, die ihm die Kraft gibt seine Tr\u00e4ume zu erf\u00fcllen. Den Traum eigener Musik. Sein Titel &#8222;Und jetzt h\u00f6rst du Radio&#8220; erz\u00e4hlt eine Geschichte aus den vielen Sendungen, die Brian Berger, mittlerweile auf seinem eigenen Radiosender, macht.<\/div>\n<div dir=\"auto\">\u200b<\/div>\n<div dir=\"auto\">Seine CD &#8222;Und jetzt h\u00f6rst du Radio&#8220; ver\u00f6ffentlicht Brian Berger zu seinem Geburtstag am 20.11.2020.<\/div>\n<\/div>\n<div class=\"o9v6fnle cxmmr5t8 oygrvhab hcukyx3x c1et5uql ii04i59q\">\n<div dir=\"auto\">Texter: FR\u00c4NK HECHLER<\/div>\n<div dir=\"auto\">Komponist: FR\u00c4NK HECHLER<\/div>\n<div dir=\"auto\">Produzent: FR\u00c4NK HECHLER<\/div>\n<div dir=\"auto\">Label: GOLDTIME RECORDS<\/div>\n<div dir=\"auto\">LC: 18268<\/div>\n<div dir=\"auto\">EAN: 4260152220619<\/div>\n<\/div>\n","protected":false},"excerpt":{"rendered":"<p>Brian Berger, Radio Moderator, Entertainer &amp; Radio Inhaber Lange Jahre nach seinen ersten Liedern, die er der Welt schenkte, hie\u00df es f\u00fcr Brian Berger nun auf in ein neues Abenteuer. Eigener Song, passend auf seine Seele geschnitten. Denn Brian Berger ist Radio pur. Seine Sendungen sind menschennah und unterhaltsam. Vielleicht liegt es einfach daran, dass Brian Berger einfach und ehrlich ist. &#8222;Ich bin halt wie ich bin&#8220;, so sein Motto. &#8222;Die einen m\u00f6gen mich und das was ich tue, die anderen eben nicht&#8220;. Eine Einstellung, die ihm die Kraft gibt seine Tr\u00e4ume zu erf\u00fcllen. Den Traum eigener Musik. Sein Titel&#8230; <\/p>\n","protected":false},"author":1,"featured_media":0,"parent":0,"menu_order":0,"comment_status":"closed","ping_status":"closed","template":"","meta":{"footnotes":""},"class_list":["post-392","page","type-page","status-publish","hentry"],"aioseo_notices":[],"_links":{"self":[{"href":"https:\/\/brianberger.de\/index.php?rest_route=\/wp\/v2\/pages\/392","targetHints":{"allow":["GET"]}}],"collection":[{"href":"https:\/\/brianberger.de\/index.php?rest_route=\/wp\/v2\/pages"}],"about":[{"href":"https:\/\/brianberger.de\/index.php?rest_route=\/wp\/v2\/types\/page"}],"author":[{"embeddable":true,"href":"https:\/\/brianberger.de\/index.php?rest_route=\/wp\/v2\/users\/1"}],"replies":[{"embeddable":true,"href":"https:\/\/brianberger.de\/index.php?rest_route=%2Fwp%2Fv2%2Fcomments&post=392"}],"version-history":[{"count":1,"href":"https:\/\/brianberger.de\/index.php?rest_route=\/wp\/v2\/pages\/392\/revisions"}],"predecessor-version":[{"id":394,"href":"https:\/\/brianberger.de\/index.php?rest_route=\/wp\/v2\/pages\/392\/revisions\/394"}],"wp:attachment":[{"href":"https:\/\/brianberger.de\/index.php?rest_route=%2Fwp%2Fv2%2Fmedia&parent=392"}],"curies":[{"name":"wp","href":"https:\/\/api.w.org\/{rel}","templated":true}]}}